04?
2, 127, 34319
List the prime factors of 566686.
2, 67, 4229
What are the prime factors of 174102?
2, 3, 29017
What are the prime factors of 400252?
2, 47, 2129
List the prime factors of 2924529.
3, 193, 5051
List the prime factors of 203181.
3, 11, 47, 131
List the prime factors of 668884.
2, 167221
What are the prime factors of 31226580?
2, 3, 5, 7, 11, 751
List the prime factors of 668632.
2, 83579
List the prime factors of 574905.
3, 5, 38327
What are the prime factors of 10749615?
3, 5, 73, 9817
What are the prime factors of 302756?
2, 75689
What are the prime factors of 187687?
187687
List the prime factors of 1300039.
13, 100003
What are the prime factors of 336949?
59, 5711
List the prime factors of 1637964.
2, 3, 173, 263
What are the prime factors of 155426?
2, 77713
List the prime factors of 487003.
11, 44273
List the prime factors of 2939000.
2, 5, 2939
List the prime factors of 5500559.
131, 199, 211
What are the prime factors of 54552?
2, 3, 2273
What are the prime factors of 19418885?
5, 1031, 3767
What are the prime factors of 10717708?
2, 2679427
What are the prime factors of 121322?
2, 60661
List the prime factors of 3958080.
2, 3, 5, 7, 19, 31
What are the prime factors of 537824?
2, 7
What are the prime factors of 23473?
23473
List the prime factors of 1254364.
2, 557, 563
What are the prime factors of 337253?
7, 48179
List the prime factors of 7575214.
2, 1013, 3739
List the prime factors of 1972922.
2, 7, 19, 7417
What are the prime factors of 2444474?
2, 31, 89, 443
List the prime factors of 62367.
3, 20789
What are the prime factors of 3432826?
2, 1716413
What are the prime factors of 22010876?
2, 149, 36931
List the prime factors of 446275.
5, 17851
What are the prime factors of 13047728?
2, 73, 11171
What are the prime factors of 1774656?
2, 3, 13, 79
List the prime factors of 882782.
2, 193, 2287
What are the prime factors of 303368?
2, 13, 2917
List the prime factors of 760231.
760231
What are the prime factors of 750851?
31, 53, 457
What are the prime factors of 805811?
805811
List the prime factors of 1277366.
2, 47, 107, 127
List the prime factors of 6106615.
5, 23, 53101
What are the prime factors of 4896820?
2, 5, 244841
What are the prime factors of 490912?
2, 23, 29
What are the prime factors of 3307369?
13, 254413
What are the prime factors of 4488330?
2, 3, 5, 7, 11, 29, 67
List the prime factors of 1100921.
1100921
What are the prime factors of 345674?
2, 7, 24691
List the prime factors of 1428449.
11, 31, 59, 71
What are the prime factors of 4893?
3, 7, 233
List the prime factors of 2407566.
2, 3, 7, 19, 431
List the prime factors of 1255645.
5, 107, 2347
What are the prime factors of 1163337?
3, 7, 31, 1787
What are the prime factors of 177878?
2, 19, 31, 151
What are the prime factors of 2870400?
2, 3, 5, 13, 23
What are the prime factors of 70229?
70229
What are the prime factors of 537356?
2, 134339
What are the prime factors of 207663?
3, 69221
What are the prime factors of 854840?
2, 5, 7, 43, 71
List the prime factors of 240835.
5, 7, 983
List the prime factors of 1436603.
7, 23, 8923
What are the prime factors of 1286543?
17, 75679
List the prime factors of 198165.
3, 5, 11, 1201
What are the prime factors of 7785617?
7, 751, 1481
List the prime factors of 661277.
199, 3323
What are the prime factors of 381651?
3, 127217
List the prime factors of 8130913.
7, 17, 43, 227
List the prime factors of 10382944.
2, 11, 13, 2269
What are the prime factors of 1720357?
283, 6079
What are the prime factors of 25475782?
2, 461, 27631
What are the prime factors of 81954?
2, 3, 29, 157
What are the prime factors of 3058688?
2, 29, 103
What are the prime factors of 487246?
2, 243623
What are the prime factors of 680078?
2, 7, 31, 1567
List the prime factors of 1026069.
3, 11, 17, 31, 59
What are the prime factors of 35223?
3, 59, 199
List the prime factors of 175927.
23, 7649
List the prime factors of 3215865.
3, 5, 214391
What are the prime factors of 3920275?
5, 191, 821
What are the prime factors of 8753575?
5, 337, 1039
List the prime factors of 594417.
3, 198139
What are the prime factors of 1989845?
5, 11, 13, 23
What are the prime factors of 8283646?
2, 7, 181, 467
What are the prime factors of 286517?
7, 11, 61
List the prime factors of 10849357.
10849357
What are the prime factors of 20875?
5, 167
List the prime factors of 1369828.
2, 31, 11047
What are the prime factors of 2513075?
5, 100523
What are the prime factors of 811960?
2, 5, 53, 383
What are the prime factors of 335544?
2, 3, 11, 31, 41
What are the prime factors of 7547255?
5, 647, 2333
List the prime factors of 347228.
2, 7, 12401
What are the prime factors of 116453?
101, 1153
List the prime factors of 176447.
101, 1747
List the prime factors of 2612398.
2, 467, 2797
What are the prime factors of 10090152?
2, 3, 353, 397
List the prime factors of 8247686.
2, 17, 73, 3323
What are the prime factors of 295175?
5, 11807
List the prime factors of 5301.
3, 19, 31
What are the prime factors of 466783?
607, 769
What are the prime factors of 282076?
2, 97, 727
What are the prime factors of 3116592?
2, 3, 23, 941
What are the prime factors of 2875131?
3, 7, 47, 971
What are the prime factors of 1331954?
2, 13, 51229
List the prime factors of 418103.
7, 59729
List the prime factors of 366683.
366683
What are the prime factors of 23059411?
101, 228311
List the prime factors of 15753461.
127, 163, 761
List the prime factors of 5150725.
5, 179, 1151
What are the prime factors of 181435?
5, 131, 277
List the prime factors of 10489609.
13, 806893
List the prime factors of 2993386.
2, 11, 103, 1321
List the prime factors of 145376.
2, 7, 11, 59
List the prime factors of 31741.
31741
List the prime factors of 10954441.
61, 179581
What are the prime factors of 3616763?
1873, 1931
List the prime factors of 161023.
23, 7001
What are the prime factors of 2157761?
71, 30391
List the prime factors of 2311280.
2, 5, 167, 173
What are the prime factors of 5022851?
1889, 2659
What are the prime factors of 527436?
2, 3, 7, 13, 23
What are the prime factors of 1265370?
2, 3, 5, 42179
List the prime factors of 31421695.
5, 17, 37, 97, 103
List the prime factors of 3846964.
2, 11, 17, 37, 139
List the prime factors of 261893.
101, 2593
List the prime factors of 13125993.
3, 4375331
What are the prime factors of 281798?
2, 11, 12809
List the prime factors of 1442699.
73, 19763
List the prime factors of 935863.
127, 7369
List the prime factors of 254801.
67, 3803
List the prime factors of 696386.
2, 191, 1823
List the prime factors of 102184.
2, 53, 241
What are the prime factors of 179020?
2, 5, 8951
List the prime factors of 113942.
2, 23, 2477
List the prime factors of 11390350.
2, 5, 157, 1451
List the prime factors of 574606.
2, 29, 9907
List the prime factors of 173705.
5, 7, 709
What are the prime factors of 494310?
2, 3, 5, 16477
List the prime factors of 2725296.
2, 3, 7, 8111
List the prime factors of 965327.
11, 127, 691
List the prime factors of 1882620.
2, 3, 5, 10459
What are the prime factors of 777912?
2, 3, 32413
List the prime factors of 6065114.
2, 11, 37, 7451
What are the prime factors of 5756949?
3, 11, 58151
What are the prime factors of 752812?
2, 53, 67
List the prime factors of 15571310.
2, 5, 1557131
What are the prime factors of 602555?
5, 120511
What are the prime factors of 4410021?
3, 7, 11, 17, 1123
What are the prime factors of 21084577?
43, 490339
What are the prime factors of 584104?
2, 73013
List the prime factors of 681956.
2, 11, 1409
What are the prime factors of 4449540?
2, 3, 5, 74159
What are the prime factors of 534206?
2, 37, 7219
What are the prime factors of 392433?
3, 130811
List the prime factors of 1163816.
2, 145477
What are the prime factors of 198265?
5, 19, 2087
List the prime factors of 1578442.
2, 789221
List the prime factors of 2908504.
2, 363563
List the prime factors of 1163129.
11, 41, 2579
What are the prime factors of 25372?
2, 6343
List the prime factors of 478290.
2, 3, 5, 107, 149
List the prime factors of 17311055.
5, 1021, 3391
What are the prime factors of 38481?
3, 101, 127
What are the prime factors of 860050?
2, 5, 103, 167
List the prime factors of 893968.
2, 59, 947
What are the prime factor